y 38?
18
Calculate the remainder when 15047 is divided by 7521.
5
Calculate the remainder when 29801 is divided by 7429.
85
What is the remainder when 78798 is divided by 39285?
228
Calculate the remainder when 14316 is divided by 1427.
46
What is the remainder when 55622 is divided by 403?
8
What is the remainder when 14240 is divided by 14217?
23
What is the remainder when 9374 is divided by 159?
152
Calculate the remainder when 1778 is divided by 66.
62
Calculate the remainder when 2217 is divided by 222.
219
What is the remainder when 51654 is divided by 17181?
111
Calculate the remainder when 14703 is divided by 4892.
27
What is the remainder when 339794 is divided by 15445?
4
What is the remainder when 135418 is divided by 14?
10
What is the remainder when 219570 is divided by 279?
276
Calculate the remainder when 811 is divided by 336.
139
What is the remainder when 7750538 is divided by 116?
114
Calculate the remainder when 14852 is divided by 21.
5
What is the remainder when 1882 is divided by 111?
106
Calculate the remainder when 47681 is divided by 619.
18
What is the remainder when 66644 is divided by 16656?
20
What is the remainder when 346290 is divided by 82?
4
Calculate the remainder when 299621 is divided by 375.
371
Calculate the remainder when 21612 is divided by 33.
30
Calculate the remainder when 35621 is divided by 4.
1
Calculate the remainder when 17296 is divided by 5739.
79
What is the remainder when 67556 is divided by 289?
219
What is the remainder when 34008 is divided by 190?
188
Calculate the remainder when 29063 is divided by 14529.
5
What is the remainder when 170524 is divided by 32?
28
What is the remainder when 2607 is divided by 860?
27
What is the remainder when 20500 is divided by 48?
4
What is the remainder when 44979 is divided by 448?
179
Calculate the remainder when 2839 is divided by 429.
265
Calculate the remainder when 18238 is divided by 12.
10
Calculate the remainder when 2778 is divided by 155.
143
Calculate the remainder when 9759 is divided by 83.
48
Calculate the remainder when 302004 is divided by 528.
516
Calculate the remainder when 242 is divided by 68.
38
What is the remainder when 11217 is divided by 3287?
1356
Calculate the remainder when 21061 is divided by 133.
47
Calculate the remainder when 88972 is divided by 556.
12
Calculate the remainder when 128937 is divided by 420.
417
Calculate the remainder when 4344 is divided by 949.
548
What is the remainder when 94734 is divided by 124?
122
What is the remainder when 83583 is divided by 73?
71
Calculate the remainder when 10491 is divided by 70.
61
Calculate the remainder when 136843 is divided by 475.
43
Calculate the remainder when 135596 is divided by 187.
21
What is the remainder when 98271 is divided by 118?
95
Calculate the remainder when 205127 is divided by 3308.
31
What is the remainder when 77719 is divided by 637?
5
What is the remainder when 35671 is divided by 2226?
55
Calculate the remainder when 152469 is divided by 913.
911
Calculate the remainder when 1801 is divided by 324.
181
What is the remainder when 108459 is divided by 15491?
22
What is the remainder when 1129 is divided by 11?
7
What is the remainder when 48623 is divided by 1186?
1183
What is the remainder when 2565961 is divided by 31?
29
What is the remainder when 38016 is divided by 123?
9
Calculate the remainder when 42172 is divided by 190.
182
Calculate the remainder when 16626 is divided by 13.
12
Calculate the remainder when 110120 is divided by 55060.
0
Calculate the remainder when 1561 is divided by 501.
58
Calculate the remainder when 12636 is divided by 343.
288
What is the remainder when 89046 is divided by 35?
6
Calculate the remainder when 334784 is divided by 1213.
1209
Calculate the remainder when 50392 is divided by 6284.
120
Calculate the remainder when 56822 is divided by 93.
92
Calculate the remainder when 14430 is divided by 41.
39
What is the remainder when 6128 is divided by 92?
56
Calculate the remainder when 211936 is divided by 78.
10
What is the remainder when 726797 is divided by 184?
181
What is the remainder when 3469 is divided by 57?
49
Calculate the remainder when 206700 is divided by 206699.
1
What is the remainder when 47757 is divided by 5960?
77
What is the remainder when 87326 is divided by 32?
30
Calculate the remainder when 267005 is divided by 299.
297
Calculate the remainder when 30987 is divided by 17.
13
Calculate the remainder when 2027 is divided by 673.
8
What is the remainder when 19500 is divided by 199?
197
Calculate the remainder when 6523 is divided by 2117.
172
Calculate the remainder when 238665 is divided by 143.
141
What is the remainder when 122524 is divided by 132?
28
Calculate the remainder when 1516 is divided by 224.
172
What is the remainder when 6801 is divided by 67?
34
Calculate the remainder when 12775 is divided by 672.
7
Calculate the remainder when 19586 is divided by 80.
66
What is the remainder when 1272 is divided by 422?
6
Calculate the remainder when 1086823 is divided by 492.
487
What is the remainder when 17100 is divided by 1538?
182
What is the remainder when 1602 is divided by 722?
158
Calculate the remainder when 245576 is divided by 245564.
12
What is the remainder when 70 is divided by 30?
10
Calculate the remainder when 2739 is divided by 341.
11
What is the remainder when 5270808 is divided by 273?
270
Calculate the remainder when 13594 is divided by 412.
410
What is the remainder when 482601 is divided by 786?
783
Calculate the remainder when 35176 is divided by 6.
4
Calculate the remainder when 15122 is divided by 14972.
150
What is the remainder when 575 is divided by 27?
8
Calculate the remainder when 8189 is divided by 404.
109
Calculate the remainder when 47094 is divided by 1238.
50
What is the remainder when 3841 is divided by 49?
19
What is the remainder when 10859 is divided by 5?
4
What is the remainder when 51355 is divided by 2853?
1
What is the remainder when 59175 is divided by 6?
3
Calculate the remainder when 93972 is divided by 48.
36
What is the remainder when 2254 is divided by 2246?
8
Calculate the remainder when 2525 is divided by 143.
94
Calculate the remainder when 8212 is divided by 452.
76
Calculate the remainder when 14251 is divided by 545.
81
What is the remainder when 29173 is divided by 96?
85
Calculate the remainder when 25448 is divided by 490.
458
Calculate the remainder when 19570 is divided by 501.
31
What is the remainder when 9176 is divided by 196?
160
What is the remainder when 349858 is divided by 343?
341
Calculate the remainder when 16195 is divided by 305.
30
What is the remainder when 15898 is divided by 1985?
18
Calculate the remainder when 31677 is divided by 27.
6
Calculate the remainder when 1041 is divided by 97.
71
Calculate the remainder when 51097 is divided by 18.
13
Calculate the remainder when 259867 is divided by 64934.
131
Calculate the remainder when 448434 is divided by 381.
378
What is the remainder when 186628 is divided by 10?
8
What is the remainder when 31265 is divided by 762?
23
Calculate the remainder when 351608 is divided by 12.
8
What is the remainder when 17188 is divided by 751?
666
What is the remainder when 3773 is divided by 1741?
291
What is the remainder when 12751 is divided by 975?
76
Calculate the remainder when 4628 is divided by 108.
92
Calculate the remainder when 14372 is divided by 1437.
2
Calculate the remainder when 873 is divided by 229.
186
What is the remainder when 11073 is divided by 1384?
1
What is the remainder when 100120 is divided by 7149?
34
What is the remainder when 5359 is divided by 5306?
53
Calculate the remainder when 80020 is divided by 435.
415
What is the remainder when 9195 is divided by 146?
143
Calculate the remainder when 244699 is divided by 104.
91
What is the remainder when 474935 is divided by 237467?
1
What is the remainder when 451 is divided by 420?
31
Calculate the remainder when 10484 is divided by 4894.
696
What is the remainder when 1229 is divided by 116?
69
Calculate the remainder when 24035 is divided by 4005.
5
What is the remainder when 14650 is divided by 7319?
12
What is the remainder when 245315 is divided by 46?
43
Calculate the remainder whe